e greatest common factor of 3211 and d.
13
Let x = -4673 + 4802. Calculate the greatest common factor of 37668 and x.
129
Suppose -22045 = -55*p + 23571 - 4696. Calculate the highest common factor of 465 and p.
93
Let k be (-20)/(-4 - 1) + -6. Let b be (15/k)/(2 - (-99)/(-36)). What is the greatest common divisor of 45 and b?
5
Let b(g) = 36 + g**2 + 45 + 22*g + 31. Let m be b(0). Calculate the highest common divisor of 32 and m.
16
Let k = -10232 + 10638. What is the greatest common factor of k and 145?
29
Let k(u) = 229*u - 734. Let v be k(6). Calculate the highest common divisor of v and 100.
20
Let t(r) = 22*r + 1619. Let w be t(-73). Calculate the highest common divisor of w and 10478.
13
Let o = 38923 + -38811. What is the highest common factor of 1856 and o?
16
Let g be 6/(-45) + (-48440)/(-1050). Let s(f) = 82*f**2 - 2*f - 2. Let w be s(2). Calculate the highest common divisor of g and w.
46
Let v = -6170 + 6190. Calculate the greatest common factor of 404 and v.
4
Let q(p) = 5*p - 62. Let z be q(16). Suppose -z*g = -13*g - 135. Suppose 3*k + 15 = g. What is the greatest common factor of k and 4?
4
Suppose 3*v - 3*i = 30, 2*v - i - 55 = -2*v. Let j be (-249)/(-9) + 24/(-36). What is the highest common divisor of v and j?
3
Let a(m) = 17*m**2 - 33*m + 7. Let l be a(-6). Let q = l - 447. What is the highest common factor of q and 20?
10
Let u(n) = n**2 + 29*n + 1944. Let i be u(84). Calculate the greatest common divisor of 12 and i.
12
Suppose 3*n - 6*s = -4*s + 48, 2*n + 2*s - 22 = 0. Suppose 209 - n = 5*l + 5*g, 2*l = -3*g + 81. Calculate the greatest common divisor of 9 and l.
9
Suppose 3*m - 2*k + 26 = 0, -2*k + 4 = -m - 6. Let l = -13 - m. Let t(p) = p**2 + 3. Let j be t(l). Calculate the highest common factor of 28 and j.
28
Let i(h) = h**3 - 120*h**2 - 493*h + 159. Let w be i(124). What is the highest common factor of 472 and w?
59
Let m = 665 + -463. Let s = m - 178. What is the highest common divisor of 456 and s?
24
Suppose -12*w = 30 - 2238. Calculate the greatest common divisor of 2852 and w.
92
Suppose -26*x + 7498 + 7374 = 0. Let o = x - 559. What is the greatest common factor of 1079 and o?
13
Let m(w) = -w**2 + 4*w + 473. Let v be m(23). Calculate the greatest common factor of v and 171.
9
Let y = -211500 - -211516. Let h be (-430)/6 + 2/3. Let u = -31 - h. Calculate the highest common factor of u and y.
8
Suppose 1818 + 534 = 8*m. Let c = m - 274. Calculate the greatest common divisor of c and 36.
4
Suppose 2*s = 19 - 13. Suppose z - 4*t - 7 = -2*t, 0 = -4*z + s*t + 8. Let y be (0 - z)/((-7)/(-84)). What is the greatest common divisor of y and 6?
6
Let i be (-4 + 0 + 2)/((-6)/15). Suppose i*o = 3*f - 42, 5*o - 7 - 5 = -3*f. What is the highest common factor of 21 and f?
3
Suppose -6426 = -124*y + 21*y + y. Calculate the highest common factor of 441 and y.
63
Suppose -20*c - 106 = -22*c. Suppose -3*v - v = -5*n + c, -5*v + 35 = 5*n. Suppose -10*b = -n*b - 22. Calculate the greatest common divisor of 55 and b.
11
Let g(p) = 19*p - 1. Let j be g(4). Let i(x) = -4*x - 68. Let m be i(-18). Let w be 453/15 - (m - 19/5). Calculate the greatest common factor of j and w.
15
Suppose 3*q = -t - 8, -8 = q + q. Let w(a) = a**3 + 6*a**2 - 2*a - 9. Let u be w(-6). Suppose -12*y + 45 = -u. What is the greatest common factor of y and t?
4
Let q be (-2)/(-15) - (-992)/(-240). Let t be 4/q - (3 + -4) - -320. What is the greatest common factor of 10 and t?
10
Suppose -414 = -13*q - 245. Suppose -24 = 5*g - 544. What is the greatest common divisor of g and q?
13
Let r be -1 - -4 - (1 + -14 + 3). Suppose -15*d = -r*d - 24. Let g be (-2 - 26/(-6)) + 8/d. Calculate the highest common factor of 3 and g.
3
Let k be (-50)/((-21)/(315/6)). What is the highest common factor of k and 8875?
125
Let r(q) = 4*q**3 - 7*q**2 + 7*q - 5. Let j be r(3). What is the highest common factor of j and 671?
61
Let z be (-1 - -2)/((-2)/(-114)). Suppose -66*l + 10790 = -9274. Suppose 165*i - 149*i = l. Calculate the highest common divisor of i and z.
19
Let x be (-1780)/(-35)*134 - 1/(-7). Calculate the greatest common factor of x and 470.
235
Suppose 5*q - 6*q + 95 = -5*n, -3*q = 5*n - 305. Suppose 2*o - o - y - 47 = 0, -5*y = -2*o + q. What is the highest common divisor of 225 and o?
45
Suppose 0 = -x + 17 - 23. Let f be (x/13)/3 - (-3152)/208. Let s be 1/((-2)/(-94)) - 2. What is the greatest common factor of s and f?
15
Let u be 3*(-4)/(-6) + 0. Suppose 6*s - 3*c = u*s + 23, 3*c + 3 = 0. Let h(a) = -6*a - 74. Let w be h(-14). What is the greatest common divisor of s and w?
5
Let f(c) = -13*c - 11. Let g(l) = -l**3 - 19*l**2 + 21*l + 18. Let r be g(-20). Let w be f(r). What is the greatest common factor of w and 20?
5
Let n(s) = 64*s - 156. Let d be n(14). What is the highest common factor of 40 and d?
20
Suppose -4*s - 58 - 5 = -t, -t + 3*s + 63 = 0. What is the greatest common divisor of t and 203?
7
Suppose 0 = d + 3*x - 9 - 25, -d + 3*x + 4 = 0. Suppose j - 6*j + 380 = 0. What is the greatest common divisor of j and d?
19
Let n = -3602 + 3874. Calculate the highest common factor of n and 187.
17
Let y = -136 - -146. Suppose -4*w + y*w = 120. What is the greatest common divisor of 60 and w?
20
Let f be 30/40*(-4 - -8). Let l(c) = 3*c**3 + c**2 + 12. Let y be l(f). What is the highest common factor of y and 136?
34
Suppose 12*z - 299 = -z. Suppose z*x - 679 = 494. What is the greatest common divisor of x and 6?
3
Let r = -2702 + 4235. Calculate the greatest common factor of 294 and r.
21
Suppose 2*i - 259 - 181 = 0. What is the greatest common divisor of i and 9064?
44
Let g = -17930 - -22555. Calculate the highest common divisor of 1295 and g.
185
Suppose -5*f - i = -41, 9*i - 5*i = 3*f - 43. What is the highest common factor of 1728 and f?
9
Suppose 6*u = 14*u - 15*u + 6888. What is the greatest common factor of u and 1599?
123
Let f = -45 + 53. Suppose 10*v - f = 6*v. Let n be (-42)/((-6)/(v - -1)). Calculate the greatest common factor of 84 and n.
21
Suppose 0 = 13*a - 9*a - 4*u - 344, -110 = -a - 5*u. What is the highest common divisor of a and 6255?
45
Let g = 31319 - 30635. What is the greatest common factor of 108 and g?
36
Suppose 119*c = 74*c + 65*c - 479280. Calculate the greatest common divisor of c and 12.
12
Suppose 117*q - 136*q + 2724 = 208*q. Calculate the highest common divisor of q and 2376.
12
Let a(n) = 6*n**3 - 2*n**2 - 4*n + 5. Let z be a(1). Let p(v) = 3*v**3 + 3*v**2 - 9*v + 1. Let b be p(4). Calculate the greatest common factor of b and z.
5
Let p = 19944 - 19674. Suppose 2*c - o - 19 - 3 = 0, 3*c + 3*o = 15. What is the greatest common divisor of c and p?
9
Suppose 2*l = 4*l + 2. Let r be l/(2/6) - -31. Suppose y - 2*y = -r. Calculate the greatest common factor of y and 14.
14
Let z(n) = 9*n - 52. Let b be z(-15). Let m = -147 - b. Suppose y + 2*x - 8 = 0, 0 = -2*y + 3*y - 5*x - 8. What is the highest common factor of m and y?
8
Suppose -25*h = -15*h - 388 - 34192. What is the highest common factor of 546 and h?
182
Let q(j) = j**2 - 14*j + 24. Let o be q(11). Let t = 5 + o. Let s be t + 18 + (2 - 5). What is the greatest common divisor of s and 11?
11
Suppose 24 = 5*d - 1. Suppose 2*i - s + 4 = 1, d*i = s. Let h = i + 21. Calculate the highest common factor of h and 88.
22
Suppose -a + l + 40 = 0, 0 = 3*a + 2*l + 57 - 172. Let p be 59/((-9 - -3) + 5). Let k = p - -72. Calculate the highest common divisor of k and a.
13
Let o(l) = 183*l**2 - 95*l + 288. Let j be o(3). Calculate the highest common divisor of 5 and j.
5
Let o(k) = 5*k. Let q be o(9). Let g be 33/(-4) - (-4)/16. Let d = g + q. Calculate the greatest common factor of d and 74.
37
Suppose 3*g + g + 301 = 5*a, -a + 2*g + 59 = 0. Let x = a + -61. Suppose x = -2*h + 204 + 60. Calculate the greatest common divisor of 12 and h.
12
Let i be 2 + (13 - (1 + 2)). Let n be (2/4)/(6/i) + 11. Suppose 0 = -8*z + n*z - 44. What is the highest common divisor of z and 11?
11
Let p(w) = 1135*w**2 - 120*w + 119. Let l be p(1). Calculate the highest common divisor of l and 42.
42
Let l be -1*(-4)/(-1) + 23. Suppose 17*t + 15 = -l. Let s be (-3*2)/((-9)/3 - t). What is the highest common factor of s and 10?
2
Let m = 493 + -210. Let h = 325 - m. Calculate the highest common divisor of h a